Calculate the greatest common factor of i and w.
1
Suppose 0 = q + 3*c - 9, -8 = -c + 5*c. Let r = 38 - q. What is the greatest common divisor of r and 46?
23
Let c(j) = -3*j**2 - 10*j - 5. Let b be c(-4). Let o(y) = -y + 2. Let p be o(b). What is the greatest common factor of p and 165?
15
Let y be 6*5/(20/18). What is the highest common divisor of 15 and y?
3
Let t = -47 - -190. Suppose 0*x = 13*x - t. What is the highest common factor of 209 and x?
11
Let w be (-60 - (-3 - 0)) + 1. Let b = w + 80. Calculate the greatest common factor of 24 and b.
24
Let k = 2 + 3. Suppose 4*z + k*i = 75, 140 = -2*z + 7*z - 3*i. Let g be ((-40)/16)/(2/(-8)). What is the highest common factor of g and z?
5
Let q be 1/6 - ((-8412)/72 + -15). Suppose -5*w - 12 = -c, 0*c - w - 60 = -5*c. What is the highest common divisor of c and q?
12
Let j(u) = -4*u**2 + u + 2. Let y be j(3). Let v = y + 51. Calculate the highest common factor of v and 100.
20
Let h(c) = c**3 - 5*c**2 + 20*c - 152. Let r be h(7). Calculate the highest common divisor of 1376 and r.
86
Let a be (12/(-5))/((-42)/1260). What is the highest common divisor of a and 128?
8
Let r(x) = -2868*x - 18. Let g be r(-1). Calculate the highest common divisor of g and 114.
114
Suppose 5*i + 3*p - 144 = 841, 3*p = 5*i - 1015. Suppose 0 = -10*x + i + 230. What is the greatest common divisor of 43 and x?
43
Suppose 3*k - 160 = 140. Let g(w) = 3*w**2 - 3*w + 4. Let l be g(4). Calculate the highest common factor of l and k.
20
Let l(i) = -i**3 + 6*i**2 - 2*i + 10. Let b be l(6). Let r be (b + -18)/(-2 + 0). What is the greatest common factor of r and 15?
5
Let b be (42/8)/((-1)/(-8)). Suppose -2*n + 419 = -169. What is the highest common factor of b and n?
42
Let v = 762 - 608. Calculate the highest common divisor of 176 and v.
22
Let y(s) = -22*s + 2. Let j(v) = -v - 5. Let h be j(-6). Let f be y(h). Let p be (48/f)/(6/(-40)). Calculate the greatest common divisor of p and 32.
16
Let c be ((208 + -13)/13)/(6/56). Calculate the highest common divisor of c and 80.
20
Let i be -54*((-135)/(-9))/(-5). What is the highest common divisor of 36 and i?
18
Let q(x) = 8*x**2 + 0*x**2 - x**3 - 8 - 7*x + 0*x**3. Suppose -11 = -2*t + 1. Let h be q(t). Calculate the greatest common divisor of 110 and h.
22
Let c = -38 - -43. Let w be 114/c*5 - -3*1. Let r be ((-13)/2)/((-1)/2). What is the highest common factor of r and w?
13
Let i(l) = l**3 + 23*l**2 - 25*l - 18. Let d be i(-24). What is the highest common divisor of d and 15?
3
Let d be (164384/(-6))/(-8) + (-2)/3. What is the greatest common factor of 107 and d?
107
Let g be (336/(-252))/(8/(-90)). Calculate the highest common divisor of 960 and g.
15
Suppose -36 = -4*j - 2*n, -6*n = 5*j - n - 45. Calculate the highest common factor of j and 99.
9
Let d be -2 + (48 - (0 + 0)). Suppose 6*f - 931 + 517 = 0. Calculate the greatest common divisor of d and f.
23
Let s = -3353 + 3609. Let h = -21 + 53. What is the greatest common factor of h and s?
32
Suppose -1016 = 6*s - 1130. What is the highest common divisor of s and 1501?
19
Let y(a) = 4*a - 22. Let s be y(11). Let r = s - -18. Calculate the greatest common divisor of 320 and r.
40
Suppose -3*x = -8*x + 25. What is the highest common divisor of 955 and x?
5
Let z = 139 + -134. Suppose -3*n = 2*x - 142, -z*x = -3 + 8. What is the highest common factor of 32 and n?
16
Let p = 375 - 247. What is the highest common divisor of p and 16?
16
Let k be 3*(2 - 28/(-3)). Suppose 0 = -5*i + 4*a + 109, -i + 69 = -14*a - 32. What is the highest common factor of k and i?
17
Suppose k - 28 = -i + 2*i, 64 = 3*k + 2*i. Suppose -5*q = -56 - 84. Let z = q + 32. What is the greatest common factor of k and z?
12
Let z = 2868 - 2852. Suppose -f = -0*f - 8. What is the highest common factor of f and z?
8
Suppose 0 = -f - m + 75 + 45, 0 = 5*f + 2*m - 612. Let d = -82 + f. What is the greatest common divisor of d and 105?
21
Let q = -2 + 5. Calculate the highest common factor of 59 and q.
1
Let r(h) = -h**3 + 10*h**2 - 12*h - 11. Let o be r(9). Let b = 47 + o. What is the greatest common factor of 1 and b?
1
Let f be ((-12)/(-15))/(1/290). Let p(w) = -w**3 + 14*w**2 - 6*w + 7. Let a be p(9). Let o = a - f. Calculate the highest common factor of o and 14.
14
Suppose -522 - 738 = -60*d. Calculate the highest common divisor of 161 and d.
7
Let a be -9 - (-8 + (-108)/12). What is the highest common factor of 106 and a?
2
Suppose 0 = -5*j + 4*j + z + 465, z + 1401 = 3*j. Calculate the greatest common divisor of 36 and j.
36
Let k be (-9 - (3 - 8)) + 4 + 222. What is the greatest common divisor of 370 and k?
74
Suppose 35 = 14*z - 63. What is the highest common factor of z and 35?
7
Let o(q) = q**3 - 7*q**2 + q. Let r be o(7). Suppose 3*w = 5*w - 196. Let i be ((-2)/(-4))/(r/w). Calculate the greatest common divisor of 63 and i.
7
Suppose 0 = g - 2*c + 9, 0 = g - 3*g + c - 24. Let i = g - -17. Suppose 3*h - 40 = -4*b, -i*b = 2*h - 6*h + 44. Calculate the highest common factor of h and 12.
12
Let v be ((-7)/(35/(-20)))/4. Suppose -k + 23 = -3*u + 6*u, 58 = 5*k - 4*u. Let g = k - 10. What is the greatest common factor of g and v?
1
Let u(h) = h**3 + 8*h**2 - 7*h - 5. Let x be (-8)/20 + -2*23/10. Let t be u(x). Let v be (14/(-2))/((-1)/3). What is the greatest common factor of t and v?
21
Suppose -6788*b + 416 = -6784*b. What is the greatest common divisor of 104 and b?
104
Suppose 4*r - 626 = -3*f + 3*r, 3*f = 4*r + 616. What is the greatest common divisor of 13 and f?
13
Let k = -7 + 22. Suppose -3*z + 45 = y + 14, 108 = 4*y + 4*z. What is the highest common divisor of y and k?
5
Suppose -h + 8 = h. Suppose -h*v + 6*v = 4. Suppose v*i + 0*i = 8. What is the greatest common divisor of 1 and i?
1
Suppose 4*r - 276 = -96. Let s = 3 + r. What is the greatest common factor of 36 and s?
12
Let i = 51 - 66. Let y be 735/14*((-54)/i)/3. Let a be -2 + 4 - -3 - -2. Calculate the highest common factor of y and a.
7
Let a(w) = -32*w - 2. Let m be a(-1). Let l = 52 - m. What is the greatest common divisor of l and 33?
11
Let w(x) = x**2 - 3*x + 53. Let j be w(-8). What is the greatest common divisor of 188 and j?
47
Let x = -87 + 157. What is the greatest common factor of x and 10?
10
Suppose s = 15*h - 10*h - 1881, 2*s - 1878 = -5*h. What is the greatest common factor of h and 47?
47
Let y = -40 + 1. Let g be 6/y - 162/(-39). Suppose -2*w - g*d = -6*d - 18, -3*d + 8 = 2*w. What is the greatest common divisor of w and 63?
7
Let d be (-4419)/45 + 8/(-10). Let z = -54 - d. Calculate the highest common divisor of 30 and z.
15
Let u = 54 - 38. Suppose 40 = 11*c - c. What is the greatest common divisor of u and c?
4
Suppose -3*j + 24 - 3 = 0. Suppose -x + 27 = x + 3*r, 0 = -2*x + r + 47. Calculate the greatest common divisor of x and j.
7
Let w be 0/(3/(12/8)). Let t be -4 + 7 - (-31 - w). Suppose 4*p + 150 = 5*m, -3*m + 2*p + 56 = -t. Calculate the greatest common factor of m and 15.
15
Suppose 0 = -3*s - 5*c + 80, 0*c - 3*c + 3 = 0. Let u = 20 - s. Let q = u - -23. Calculate the highest common divisor of 198 and q.
18
Let l(o) be the second derivative of -o**4/12 + 5*o**3/2 - 21*o**2/2 - 31*o. Let r be l(12). Calculate the greatest common divisor of r and 30.
15
Let z be 16/(((-35)/405)/(-7)). Calculate the greatest common divisor of z and 81.
81
Let v be (-80)/24*(-9)/5. Suppose 4*f - 8 = 16. Calculate the highest common factor of v and f.
6
Suppose -14 + 10 = -y. What is the greatest common factor of 108 and y?
4
Let m = 15 - 35. Let f be 1 - (m - 8/4). Let o = f - 18. Calculate the greatest common factor of 20 and o.
5
Let l = 1749 + -1737. Calculate the greatest common divisor of l and 111.
3
Suppose 2*r = -2*r + 4*u - 44, -2*r + 5*u - 28 = 0. Suppose g - 3*g = -24. Let b = r + g. Calculate the highest common divisor of b and 33.
3
Let q(v) = -9*v**3 + 2*v + 1. Let o be q(-3). Let c be 20*2 + -15 + 9. What is the greatest common divisor of c and o?
34
Let a(q) = q**3 + 15*q**2 + 12*q + 1. Let g be (-1 - -3)/2*(-4 + -2). Let m be a(g). What is the greatest common factor of 23 and m?
23
Let h(w) = 36*w + 10. Let j be h(-3). Let t = 67 + j. Let i = 67 + t. Calculate the highest common factor of i and 90.
18
Suppose 13 = u - 77. Let t(g) = 10*g + 11. Let w be t(-5). 